 374*v + 186*v. Let y(r) = -2*r**2 + 3*r - 1. Let b be y(2). Let h = 1 + b. What is i(h)?
6
Let g(m) = -m**3 + 8*m**2 + 8*m + 3. Let j be g(9). Let l(r) = -11*r - 4. Let v(f) = -7*f - 3. Let o(b) = -5*l(b) + 8*v(b). Calculate o(j).
2
Let u(v) = -v**2 + 5*v - 4. Let s be u(2). Let j(z) = z - s*z + 0*z + 1 - 2*z. Determine j(-2).
7
Let z(o) = o**3 - 7*o**2 - 7*o - 5. Let p(c) = 8*c + 8. Let n be p(0). Calculate z(n).
3
Suppose -3*l + 7 = 2*k - 16, -l = 3*k - 10. Let j(o) = o**3 - 8*o**2 + 9*o - 8. Give j(l).
6
Suppose -4*q - 4*d - 8 = 0, -q = 4*d - 5 + 1. Let u(l) = l**2 + 5*l - 2. Give u(q).
-6
Let d(n) be the first derivative of n**3/3 + 2*n**2 + 6*n + 15. What is d(-5)?
11
Let i(a) = 8*a**3 + a**2 + a + 1. Let f = -9 + 11. Suppose f*v + 2*u + 6 = 0, 2*v + 2*u = -2*v - 8. Calculate i(v).
-7
Suppose 0 = 4*n + 5*c - 0*c + 37, -2*n + 2*c + 4 = 0. Let l(s) be the second derivative of -s**5/20 - s**4/3 + s**2 - 6*s. Give l(n).
-7
Suppose -16 = -3*c + 7*c. Let k(w) = w + 1. Let l be k(c). Let d(j) = j**2 + 2*j + 1. Determine d(l).
4
Let w(b) = -b**2 + 4*b + 1. Let u be 12/(-14)*126/(-36). Calculate w(u).
4
Suppose -4*g - g + 10 = 0. Let d(m) = m**3 - 2*m**2 + 2. Let n be d(g). Let q(w) = -w + 0*w**n + 1 + w**3 + 1 - 5*w**2 + 0*w**3. What is q(5)?
-3
Let b(j) be the first derivative of j**4/4 - 2*j**3 + j**2/2 + 6*j + 226. Let f be ((-8)/6)/((-6)/27). Calculate b(f).
12
Let a(r) = 4*r + 1. Let g = 13 + -19. Let x(w) = w**2 + 6*w - 2. Let f be x(g). Give a(f).
-7
Let h(j) = j**2 + 4*j + 2. Let i = -2 - -4. Suppose -g + 2*g = -i. Determine h(g).
-2
Let c = -2 - 1. Let v(w) = 9*w**3 - w**2 + 13*w - 9. Let s(j) = -5*j**3 + j**2 - 7*j + 5. Let n(o) = -7*s(o) - 4*v(o). Determine n(c).
10
Suppose -2*q + 3 = -p, p + 2*q = -2*p + 23. Suppose -10 - 5 = p*d. Let j(f) = -f**2 - 2*f + 3. What is j(d)?
0
Let c(u) = -u**3 + u**2 - 3. Suppose -b + 5 = 2. Suppose 0 = -y + b*y - 4. Suppose 3*z - y*m + 4 = 0, 3 = m + 1. Determine c(z).
-3
Let t(v) = -v**2 - 9*v - 8. Let y be t(-8). Suppose s - 2*s = y. Let p(u) = u**2 + 6*u + 0*u - 7*u. Determine p(s).
0
Suppose -2*j = -2*r - 0 - 6, -4*r = 4*j - 12. Let g(l) be the second derivative of l**5/20 - l**4/4 - 22*l. What is g(j)?
0
Suppose 5*m + 0*r - 32 = 2*r, 4*m = -r + 36. Suppose 0 = 3*g - 3*b - 12, -g + 3*b + 2 + 0 = 0. Let p = m - g. Let w(t) = t**3 - t**2 - 3*t - 3. Determine w(p).
6
Suppose 2 = -3*r + 14. Let w(q) = 2 - 1 + 2 - 5 - 2*q. What is w(r)?
-10
Let r(c) be the first derivative of c**3/3 + 3*c**2/2 + 2*c + 15. What is r(-3)?
2
Let w(k) = 6*k**2. Let o(a) = -a + 4. Let r be o(4). Suppose 0 = 4*p - h + 7, 3*h - 8 = -p - r*p. Give w(p).
6
Let k(f) = f + 5. Suppose -p - 5 = -0*p. Calculate k(p).
0
Let w(a) = -a**3 + 5*a**2 - 2*a - 5. Let v = -6 + 4. Let l be v + (6 - 2) + 0. Suppose -l*p + 3*p - 4 = 0. Calculate w(p).
3
Let z(w) be the third derivative of w**4/3 + w**3/3 + 4*w**2 + 6. What is z(-2)?
-14
Let v(d) = -7*d + 1. Let r(z) = z + 2. Let a be r(-4). Let h be ((-12)/(-18))/(a/(-3)). Give v(h).
-6
Let o = 1 - -1. Suppose -a + o*a + 5 = 0. Let x(v) = -5*v - 2*v**2 + v**2 + 1 - 2. Determine x(a).
-1
Let x(n) be the third derivative of n**6/120 + 2*n**5/15 + n**4/12 - n**3 - 2*n**2. Give x(-8).
-22
Let m be 72/84*(-14)/(-4). Let i(j) = 3*j**3 - 7*j + 3*j**2 - 5*j**2 - 5*j**2 - 2*j**m - 7. Give i(8).
1
Suppose 0*d = -4*d. Let m(s) = s + d + 3 - 1 - 1. Determine m(-4).
-3
Let t(q) = -13 - 13 - 3*q + 29. Determine t(5).
-12
Suppose -g - 16 = -4*u - 1, 0 = -g - 5*u + 21. Let c(r) = -2*r**3 - r**2 - r + 1. Give c(g).
-3
Let i(p) = p - 9. Let d be (2 - 6) + (-18)/(-2). Calculate i(d).
-4
Let r(d) be the third derivative of -d**5/60 - 7*d**4/24 - d**3/6 - 4*d**2. Calculate r(-5).
9
Suppose -3 - 1 = 4*s. Let y = 23 - 20. Let k(m) = 9 + y*m - 5 - 5. Calculate k(s).
-4
Let t(z) be the first derivative of z**4/4 + 2*z**3 - 9*z**2/2 - 5*z + 4. Give t(-7).
9
Let w be 3/2*(-3 - -7). Let l(t) = 2*t + 1 - t**2 - w - 1 + 8. Determine l(3).
-1
Suppose -2*r = 2 - 12. Suppose 0 = -4*s - 4*l - 4, -s + 2*s - 17 = r*l. Let h(b) = -b**3 + 2*b**2 - b - 2. Calculate h(s).
-4
Suppose 0 = 3*p - p - 4. Let u(c) = -5*c + 14*c**p + 4 - 15 + c. Let h(f) = 5*f**2 - f - 4. Let r(n) = 11*h(n) - 4*u(n). Give r(5).
0
Suppose 0 = -0*c + c - 6. Let h(l) = 8 + 0*l**2 + c*l - l**3 + 3*l**2 - 12. Calculate h(4).
4
Let y(f) = 4 - 10 + 5*f - 7 - 4*f. What is y(9)?
-4
Let t(v) = v**2 - 5*v - 5. Let c be t(5). Let r = -5 + 8. Let k(q) = -1 + 0*q + q + r. Give k(c).
-3
Let a(n) = 1 + 12 - 18*n + 17*n. Let s be a(9). Suppose s = -l + 3. Let h(y) = -7*y**2 - y. Determine h(l).
-6
Suppose 5*z + 5 + 5 = 0. Let p = z - 1. Let j(a) be the first derivative of a**4/4 + a**3 - a**2/2 + 2*a + 2. Determine j(p).
5
Suppose 2*m + 17 = 29. Let y(g) = g. Let o(s) = s**2 - 3*s + 9. Let u(t) = -o(t) + 4*y(t). What is u(m)?
-3
Let g(l) be the third derivative of -l**5/60 - l**4/4 + 5*l**3/3 + 2*l**2. Let a be g(-8). Let q(b) = -b**3 - 7*b**2 - 8*b - 6. Calculate q(a).
6
Let w(o) = 4 + 4 + 0*o - 7 + o. Determine w(-3).
-2
Let x(a) = a - 1. Let f be (6 - 3) + 0 + -6. Let t be (-66)/(-10) - f/(-5). Calculate x(t).
5
Let n = 43 - 46. Let q(p) be the first derivative of 1/2*p**2 + 7*p - 1. What is q(n)?
4
Let l(y) be the first derivative of y**3/3 - 9*y**2/2 + y - 8. Give l(6).
-17
Suppose -f + a = 9, a - 6 = 2*f + 2*a. Let x(o) = -3*o**2 + 5*o + 6. Let m(z) = -4*z**2 + 5*z + 7. Let g(j) = 4*m(j) - 5*x(j). Calculate g(f).
-2
Suppose -z = -8 - 0. Let t(j) = z*j - j**3 - 1 - 17*j + 10*j. What is t(0)?
-1
Let p(j) be the second derivative of j**5/120 - j**3/2 - 4*j. Let h(u) be the second derivative of p(u). Calculate h(-1).
-1
Let x(u) = 8*u + 2. Let z be x(3). Suppose -4*r - 2*v + 22 = 0, 2*v = 3*r + r - z. Let q(y) = -y**3 + 0 - r - 6*y + 0 - 1 - 6*y**2. Give q(-5).
-2
Let f(k) = k**2 - 9*k + 1. Let c = -52 + 57. Determine f(c).
-19
Let p = 17 - 12. Let t(d) = -d**3 + 5*d**2 - 2*d - 3. Determine t(p).
-13
Let w(n) = 10 + 85*n - 82*n - 3. Suppose 2*g = b + g, 5*b - 4*g + 5 = 0. Let v be (25/2)/b*2. Give w(v).
-8
Let o(q) be the first derivative of -q**2 + 2*q - 2. Let a be (-3)/4 + (-5)/20. Let j be (2/4)/(a/(-6)). Determine o(j).
-4
Let x(m) = -2*m - 5. Let z(h) = -h. Let r(s) = -x(s) + 3*z(s). Calculate r(7).
-2
Let f be (3 + -8)*4/(-10). Let l be 4/16 + (-7)/(-4). Let k(c) = 1 + 2*c - 6*c**2 - c + 4*c**l + 0*c. What is k(f)?
-5
Let y be 1 + (2/(-3))/(3/9). Let x(t) be the first derivative of 3*t**2/2 + t - 2. What is x(y)?
-2
Let k(i) = -i + 13. Let n(j) = 3*j - 27. Let m(o) = 5*k(o) + 2*n(o). Let p be m(-8). Let a(r) = -p - 2 - r + 6. Calculate a(5).
-4
Let w = 3 - 1. Let s(g) = -g**2 + 1. Let p be s(w). Let q(k) be the second derivative of k**4/12 + 2*k**3/3 + k**2 - k. Calculate q(p).
-1
Let l(a) = a**3 + 3*a**2 - 10*a - 2. Let g(v) = -v**2 + v + 1. Let n(t) = -6*g(t) - l(t). What is n(4)?
-4
Let v(w) = -3*w + 5. Suppose -m = -f + m - 17, 30 = -5*f - m. Let j = -3 - f. Calculate v(j).
-7
Let i(y) = y**2. Let m(w) = -3*w**2. Let b(k) = 4*i(k) + m(k). Calculate b(-1).
1
Let k(m) be the second derivative of m**3/6 - 3*m**2/2 - m. Let n be k(6). Suppose -5*l + 4 = -n*b, 2*l - 10 = -3*b - 0*l. Let f(g) = -4*g + 3. What is f(b)?
-5
Let v(m) = m**2 + 5*m - 6. Suppose 2*j - 9 = -77. Let n = 51 + j. Suppose -3*o + 5*o - 2 = 4*k, -4*o + k - n = 0. What is v(o)?
-6
Let x(s) = s**2 - 2*s + 4. Suppose 4*l + 4*h - 28 = 4, -4*l + 5*h = 13. What is x(l)?
7
Let o(t) = -t**2 + 3*t - 1. Suppose f + 0*l + l - 5 = 0, 0 = -4*f + 3*l + 20. Let j = 5 - f. Let b = 2 - j. Calculate o(b).
1
Let q(b) = b + 14. Let w be q(-9). Let j(a) = a**2 - 3*a - 3. Calculate j(w).
7
Let d(i) = -i**3 + 7*i**2 + 8*i. Suppose 0*g + 2*g = 16. Let b be d(g). Suppose -z + 1 = -b*z. Let c(y) = -y + 2. Calculate c(z).
1
Let g(z) = z + 9. Let p(f) = -f + 1. Let v = 14 - 16. Suppose -1 + 0 = a. Let h(q) = a*g(q) + v*p(q). Calculate h(5).
-6
Let l(q) = 11*q**2 + 13*q + 6. Let t(i) = -4*i**2 - 4*i - 2. Let s(b) = -3*l(b) - 8*t(b). Let p be 45/(-10) + (-1)/2. Give s(p).
8
Let z(y) be the first derivative of -5/2*y**2 + 3*y + 3. Calculate z(2).
-7
Let r(p) = 3*p**3 - 2*p + 6*p - 3*p + 1 + 0*p**3. Let c = 0 + -1. What is r(c)?
-3
Let s(n) = -n**2 + n - 4*n**2 + 0*n + 3 + 3*n**2. Calculate s(3).
-12
Let i(a) = -3*a**3 - a**